4839997?
False
Does 81 divide 11933811?
True
Is 96 a factor of 462211008?
True
Is 25429257 a multiple of 144?
False
Does 325 divide 3692683?
False
Is 355 a factor of 86333016?
False
Does 85 divide 25417550?
True
Does 153 divide 55089291?
False
Does 216 divide 1276192368?
True
Is 1658 a factor of 186238283?
False
Does 1027 divide 1462695?
False
Is 228128448 a multiple of 781?
False
Is 168064775 a multiple of 8?
False
Does 7 divide 17294156?
False
Is 1647047973 a multiple of 219?
True
Is 950435512 a multiple of 13?
True
Does 195 divide 991704243?
False
Is 18 a factor of 192259601?
False
Does 32 divide 128186651?
False
Does 491 divide 33343319?
True
Does 208 divide 687938576?
True
Is 472 a factor of 865636841?
False
Is 3 a factor of 30458489?
False
Is 17136612 a multiple of 6?
True
Does 3413 divide 1319206412?
True
Is 6 a factor of 394897430?
False
Is 63885158 a multiple of 23?
False
Is 440060646 a multiple of 933?
True
Is 85 a factor of 1575506110?
True
Does 525 divide 51588075?
True
Is 106 a factor of 20533480?
False
Does 3206 divide 307235091?
False
Is 11 a factor of 491663953?
True
Is 710 a factor of 1827863050?
True
Does 22 divide 11808446?
False
Does 161 divide 168322097?
False
Does 46 divide 74329387?
False
Does 8 divide 4611912?
True
Does 17 divide 282173873?
False
Does 4287 divide 502655037?
True
Does 36 divide 13627284?
False
Is 43080876 a multiple of 13?
False
Is 8 a factor of 294518061?
False
Is 293415366 a multiple of 38?
True
Is 816744663 a multiple of 76?
False
Is 91478398 a multiple of 775?
False
Is 273 a factor of 708586005?
False
Is 37 a factor of 8261656?
True
Is 156 a factor of 23370828?
True
Is 156 a factor of 17525352?
True
Is 4 a factor of 789940?
True
Is 202 a factor of 641151838?
True
Is 1752950826 a multiple of 873?
True
Is 60990567 a multiple of 1111?
True
Is 202 a factor of 28965184?
True
Does 24 divide 39522600?
True
Is 558 a factor of 37239804?
True
Is 33354710 a multiple of 15?
False
Is 15 a factor of 6901410?
True
Is 78929444 a multiple of 842?
False
Is 5 a factor of 337465238?
False
Is 14219423 a multiple of 319?
False
Is 1573626784 a multiple of 130?
False
Is 1643 a factor of 919605294?
False
Is 16337916 a multiple of 2?
True
Does 94 divide 7343123?
False
Is 60 a factor of 17815260?
True
Is 62 a factor of 12143862?
False
Does 32 divide 1078735200?
True
Does 12 divide 22170156?
True
Is 24073408 a multiple of 19?
False
Is 324 a factor of 1011150605?
False
Is 71432921 a multiple of 67?
True
Is 29566330 a multiple of 1517?
True
Is 34 a factor of 227405396?
True
Does 76 divide 122314629?
False
Is 1945 a factor of 53295189?
False
Does 351 divide 156458182?
False
Is 462427344 a multiple of 36?
True
Is 4 a factor of 7455762?
False
Is 2610 a factor of 138217510?
False
Is 2804 a factor of 521905716?
True
Is 3260358 a multiple of 349?
True
Does 1623 divide 196465773?
True
Does 45 divide 725910901?
False
Is 29580122 a multiple of 143?
True
Does 505 divide 239889751?
False
Is 4 a factor of 28580758?
False
Does 1677 divide 27319164?
False
Is 22878208 a multiple of 1084?
False
Does 108 divide 55015416?
True
Does 210 divide 1272248460?
True
Is 353 a factor of 6656066689?
True
Is 16740964 a multiple of 76?
False
Is 577626149 a multiple of 5?
False
Does 16 divide 670025728?
True
Is 9116591 a multiple of 233?
True
Is 252532204 a multiple of 30?
False
Is 3 a factor of 1474590?
True
Does 90 divide 350460?
True
Is 68193823 a multiple of 1201?
False
Is 225957292 a multiple of 17?
False
Is 4298 a factor of 1423880949?
False
Is 869 a factor of 227027988?
True
Is 1562 a factor of 17420986?
True
Does 18 divide 718287733?
False
Is 1802169 a multiple of 11?
False
Does 28 divide 114175881?
False
Is 1203 a factor of 160345464?
True
Does 89 divide 14701643?
True
Does 217 divide 61937876?
True
Is 5355 a factor of 1840968675?
True
Is 1529751978 a multiple of 589?
True
Is 514612653 a multiple of 1209?
False
Is 55375302 a multiple of 381?
True
Does 11 divide 5131390?
True
Is 9225040 a multiple of 242?
True
Does 2406 divide 392132151?
False
Is 12763447 a multiple of 633?
False
Does 11 divide 3413749841?
False
Is 1520297096 a multiple of 832?
False
Is 197 a factor of 75708873?
True
Is 47179032 a multiple of 30?
False
Does 415 divide 520922109?
False
Does 5 divide 239294379?
False
Is 33157154 a multiple of 411?
False
Does 968 divide 343942016?
True
Is 9988900 a multiple of 115?
True
Is 16 a factor of 2807958742?
False
Is 1033 a factor of 35577553?
True
Is 16 a factor of 17242347?
False
Is 516 a factor of 22234956?
True
Is 272602671 a multiple of 129?
True
Is 345538410 a multiple of 35?
True
Is 5441547 a multiple of 1173?
True
Is 175997970 a multiple of 16?
False
Is 4883130 a multiple of 45?
True
Is 3954312500 a multiple of 10002?
False
Is 1165 a factor of 15156650?
True
Does 264 divide 7371144?
True
Is 6 a factor of 3667675?
False
Is 12 a factor of 179730636?
True
Is 36 a factor of 491755644?
True
Is 271126300 a multiple of 166?
False
Is 5 a factor of 53577805?
True
Does 268 divide 59096412?
True
Is 149752965 a multiple of 19?
True
Is 34651536 a multiple of 296?
True
Is 197536831 a multiple of 906?
False
Does 117 divide 5140278?
True
Is 1999 a factor of 2331389722?
True
Is 46 a factor of 5743882?
True
Does 647 divide 36854414?
True
Is 502 a factor of 14188026?
True
Is 51548523 a multiple of 2161?
False
Does 26 divide 9521820?
False
Does 36 divide 84307339?
False
Does 3 divide 6591484?
False
Is 32605621 a multiple of 15?
False
Is 91 a factor of 135154217?
False
Is 37 a factor of 1029043771?
False
Does 4279 divide 3373465183?
True
Is 642 a factor of 129351444?
True
Does 6 divide 2740464?
True
Is 37 a factor of 548091495?
False
Does 1773 divide 8742116?
False
Is 285259736 a multiple of 824?
True
Is 81883450 a multiple of 575?
True
Does 34 divide 2084495688?
False
Is 37 a factor of 334509082?
True
Does 155 divide 53278615?
True
Is 6478010 a multiple of 14?
True
Is 2163 a factor of 1180881198?
True
Is 40502232 a multiple of 72?
True
Is 853480086 a multiple of 151?
True
Does 713 divide 4808792?
False
Does 2735 divide 73613698?
False
Is 1072 a factor of 1381219472?
True
Does 23 divide 11603199?
False
Is 53959098 a multiple of 222?
True
Does 30 divide 3227612250?
True
Is 50561061 a multiple of 13?
False
Does 37 divide 22322143?
False
Is 57 a factor of 4750501353?
True
Does 138 divide 193151247?
False
Is 23457570 a multiple of 51?
False
Is 77 a factor of 56051072?
True
Is 38636004 a multiple of 44?
True
Is 490 a factor of 75635003?
False
Does 3 divide 524792?
False
Does 215 divide 40038432?
False
Is 312 a factor of 136764622?
False
Does 4514 divide 435569402?
True
Does 2432 divide 15229184?
True
Does 74 divide 13654549?
False
Is 52 a factor of 236126488?
True
Does 20 divide 2885440?
True
Is 879706251 a multiple of 2511?
True
Is 4 a factor of 65234734?
False
Does 112 divide 184203600?
True
Is 19379253 a multiple of 168?
False
Is 170 a factor of 96540960?
True
Does 223 divide 4262562?
False
Is 323 a factor of 2899605714?
False
Does 810 divide 65561811?
False
Is 4 a factor of 66832508?
True
Is 84 a factor of 4388709108?
True
Does 46 divide 104007513?
False
Is 1685 a factor of 188500950?
True
Is 72 a factor of 13994470?
False
Is 15747 a factor of 2197406173?
False
Is 1430 a factor of 559255468?
False
Does 381 divide 776032501?
False
Is 183244170 a multiple of 205?
True
Does 50 divide 2401708269?
False
Does 14 divide 51900408?
True
Does 4 divide 4574743?
False
Is 10400709 a multiple of 271?
True
Does 36 divide 4428936?
True
Does 117 divide 74798802?
True
Is 163890141 a multiple of 28?
False
Is 1298 a factor of 441957412?
False
Is 1352422071 a multiple of 2717?
True
Is 358267392 a multiple of 1536?
True
Does 44 divide 11600204?
True
Does 39 divide 807487902?
True
Does 7 divide 1689425682?
True
Is 34 a factor of 73808900?
True
Is 266 a factor of 287197659?
False
Is 30277105 a multiple of 24?
False
Is 33882327 a multiple of 157?
True
Is 283 a factor of 650881888?
True
Is 1706 a factor of 382031956?
False
Is 3248291184 a multiple of 12?
True
Is 8012789 a multiple of 324?
False
Is 605000214 a multiple of 546?
True
Is 54861166 a multiple of 3?
False
Is 106 a factor of 419762820?
False
Is 524122034 a multiple of 1301?
False
Does 18 divide 3290897643?
False
Is 16 a fa